ose -r - 4*r + 2*j + 165 = 0, -66 = -2*r - 4*j. Let k be (11 + 2 + -2)*2. Let w = r - k. List the prime factors of w.
11
Suppose -5*x = -2*r - 11, 4*x - 2*r - 11 = -3. What are the prime factors of x?
3
Let r(c) be the first derivative of -2*c**2 + c - 3. Let t be r(4). What are the prime factors of t/(-1)*4/5?
2, 3
Let s = 215 + -86. What are the prime factors of s?
3, 43
Let l = -6 - -11. Suppose l*n + 4*a - 75 = -a, -4*n + 2*a = -84. What are the prime factors of n?
19
Suppose 2 = -2*v + 2*r, 5*r - 12 = r. Suppose -18 = -v*o + o. List the prime factors of o.
2, 3
Let h(g) = -g**2 - 6*g + 7. Let k = -8 + 16. Let j(s) = -s**3 + 9*s**2 - 9*s + 3. Let l be j(k). List the prime factors of h(l).
2, 3
Suppose -2*t + 51 = -5*t. Suppose -2*r = -5*w - 154, -r = r - 4. Let z = t - w. What are the prime factors of z?
13
Let g(o) = -o**2 + 11*o + 16. Suppose 2*r = -r + 36. What are the prime factors of g(r)?
2
What are the prime factors of 3/((-18)/(-4) + -4)?
2, 3
Suppose -3 - 7 = -5*h. Suppose -3*d = -2*y - 69, 0*d - h*y - 27 = -d. List the prime factors of d.
3, 7
Suppose d - 6*d - 2*q = -33, -13 = -2*d - q. Suppose 8*s - 3 = d*s. Suppose 0*a - s*a = -27. List the prime factors of a.
3
Suppose 0*u = 5*u. Suppose -5*z + 0*z = u. Suppose 6*i - i - 95 = z. What are the prime factors of i?
19
Suppose 6 = 3*z + 15. What are the prime factors of z*4/(48/(-188))?
47
List the prime factors of (((-636)/(-16))/1 - 1)*4.
5, 31
Suppose -203 - 1 = -4*q. What are the prime factors of q?
3, 17
Let u = 16 - 14. Suppose 2*s + 5*a = 87, -3*a = u*a - 5. List the prime factors of s.
41
What are the prime factors of ((-273)/26)/((1/8)/(-1))?
2, 3, 7
Let j be (-11)/(-4) - 5/(-20). Suppose j = t - 1. What are the prime factors of t?
2
Let q(h) = 1 + 0*h + h - 4*h + 2*h. What are the prime factors of q(-2)?
3
Suppose -3*r + 238 = y, 0*y + 3*y + 3*r - 726 = 0. What are the prime factors of y?
2, 61
Let b(h) = h - 7. Let v be b(-6). Let i = 5 + v. Let n(k) = -k + 5. List the prime factors of n(i).
13
Let p(n) = n**3 + 12*n**2 + 9*n - 2. Suppose -o = -h + 8, o - 5*h = 2 + 2. List the prime factors of p(o).
2, 5
Let i = 6 + -3. Let k be (24/(-18))/((-2)/i). Suppose -4*u - 8 = 0, -k*b - 3*b = 5*u - 15. What are the prime factors of b?
5
Let o(y) = -y**2 - 5*y + 1. Let h be o(-6). Let j = h - -3. Let r = j + 7. What are the prime factors of r?
5
Suppose 0*s + 2*s = l - 4, 2*s = 8. Suppose 7*b - l*b + 105 = 0. List the prime factors of b.
3, 7
Let d(m) = 2*m**2 + 3*m - 1. Let t = 13 + -8. Suppose 2*v + 35 = t*f - 3*v, 5*f + 5*v = -15. What are the prime factors of d(f)?
13
Let d(v) be the first derivative of -v**3/3 + 2*v**2 + 6*v - 4. Let o be d(6). What are the prime factors of o/(-4)*4/3?
2
Let v = -295 + 579. List the prime factors of v.
2, 71
Suppose -5*y = -5*w + 385, w - 2*y = -5*y + 93. What are the prime factors of w?
3
Let y = -13 + 6. What are the prime factors of y/14 + (-43)/(-2)?
3, 7
Let q be -2 + 1 - (-1 + -150). Suppose 0 = 7*g - 3*g + f - 141, 0 = 4*g - 2*f - q. What are the prime factors of g?
2, 3
Suppose -972 - 58 = -10*h. List the prime factors of h.
103
Let t be 29/(-3) - (-6)/9. Let b be (-3)/(t - -3)*-2. List the prime factors of (0 + b - -10) + -2.
7
Let o(j) = -j**3 - j**2 - 2. Let s be o(0). List the prime factors of (-1)/s*-2 - -10.
3
Let r be ((1 - 1)/(-1))/(-1). Suppose g - 5 - 8 = r. What are the prime factors of g?
13
Let c be (1 - 0)*(29 + 1). List the prime factors of (8 - c)*(0 - 1).
2, 11
Let g(v) = -v**2 + 12*v + 3. Let w be g(12). Suppose w*o - 15 = -2*o. List the prime factors of (15 - -2 - o)/1.
2, 7
Let q = -146 - -159. List the prime factors of q.
13
Let u(d) = d + 3*d + 3 - 2*d - d**2 + 10*d**2. What are the prime factors of u(-2)?
5, 7
Let m be -2 + ((-3)/1 - -10). Suppose m*h - 44 = h. List the prime factors of h.
11
Let o(k) = -2*k + 1 + k**3 - 2 - 6*k**3. Let c(z) = z - 5. Let t be c(4). What are the prime factors of o(t)?
2, 3
Suppose 0 = z - 3*z + 6. Suppose -d + z = -5. Suppose 2*h + s = 14, -d + 39 = 3*h - s. List the prime factors of h.
3
Suppose -43 - 179 = -3*l. Suppose -t + 4*t = 0, 0 = 2*v - 5*t - l. List the prime factors of v.
37
Let t(k) = -k**3 - 2*k**2. Let n be t(-3). Suppose g - n = 11. Let z = g + -9. List the prime factors of z.
11
Suppose -6*j = -j - 145. List the prime factors of j.
29
Let p(c) = c - 18. Let f be p(15). List the prime factors of ((-21)/(-2))/f*-4.
2, 7
Suppose 4*c = 5*f - 302, f + 2*c + 238 = 5*f. What are the prime factors of f?
2, 29
Let q = 211 - 126. List the prime factors of q.
5, 17
Suppose 37 = -3*n + 7. Let j = n + 14. What are the prime factors of j?
2
Suppose 3*t = -2*t + 135. Let f = t - 18. What are the prime factors of f?
3
Suppose 32 = -4*l - 2*z, -4*l - 34 = l + 4*z. Suppose 3*n - 84 = -n. Let d = n + l. List the prime factors of d.
11
Let u(s) = 63*s + 1. Let g be u(1). Suppose -k - 3*i + 8 = 0, -3*k + i = -0*i - g. List the prime factors of k.
2, 5
Let z(a) = a**2 + 6*a - 4. Let o be z(-7). Let h be (-4)/o*(-3)/2. Suppose r + l = 12, h*r + 2*l - l - 21 = 0. What are the prime factors of r?
3
Suppose -3*f = -4*t + 155, 4 = 2*f - 6*f. What are the prime factors of t?
2, 19
Let a = -34 + 345. List the prime factors of a.
311
Suppose -487 - 224 = -9*o. List the prime factors of o.
79
List the prime factors of -3*(-14 - (-5 - -4)).
3, 13
Suppose 5 = -4*w + 69. Suppose -8 = 3*x + 3*r + 7, 3*x + 2*r = -w. Let k = x + 12. List the prime factors of k.
2, 3
Suppose -q = 2*q + m - 28, -13 = -q - 4*m. Let r = q - 7. List the prime factors of r.
2
Let m(w) = -46*w**3 + 1. Let r be m(-1). Suppose 13 = -n + r. What are the prime factors of n?
2, 17
Suppose -3*w + w - 4*j = -24, 5*w - 35 = -5*j. Suppose -m - 14 = -w*m. List the prime factors of m.
2, 7
Let t(z) = 1. Let q(n) = -n - 1. Let w(s) = -q(s) + 2*t(s). What are the prime factors of w(12)?
3, 5
What are the prime factors of (-11)/(-2)*12/(2 + -1)?
2, 3, 11
Let l = 2 - -1. Suppose 5*x - 28 = 3*x + 2*v, 4*v = -l*x + 56. List the prime factors of x.
2
Suppose 5*z - 118 = q, -4*z + 2*q + 88 = -2*q. List the prime factors of z.
2, 3
Suppose 8*p - 995 - 333 = 0. List the prime factors of p.
2, 83
Let c(b) = -b**2 - 9*b - 3. What are the prime factors of c(-7)?
11
Suppose -3*k = 4*p - 164 + 10, -4*k = -p - 180. List the prime factors of k.
2, 23
Let y(a) = a**2 - 5*a - 1. Let n be y(6). Suppose 5*t = n + 10. List the prime factors of t.
3
Suppose -3*q = 2*c + 2, 0 = -4*c + 2*q + 10 + 18. List the prime factors of c.
5
Let o(a) = 9*a**2 - a. List the prime factors of o(2).
2, 17
Let q = 5 + -2. List the prime factors of (12/8)/(q/14).
7
Suppose -3 + 18 = 5*w. Suppose -c = -w*c + 32. List the prime factors of c.
2
Let a be 2/7 - 138/(-7). Let c = a + -10. List the prime factors of c.
2, 5
Suppose -14 = -3*v + 5*v. Let o = 13 + v. List the prime factors of o.
2, 3
Let d(k) = -8*k + 3. List the prime factors of d(-4).
5, 7
Let a = 15 + -16. Let o(d) = 4 - 4*d + 1 - 4. What are the prime factors of o(a)?
5
Suppose -5*n = 3*c - 16, -7*c + 3*c + 3*n + 2 = 0. Let j be (-73)/(-4) + 1/(-4). Suppose h + 24 = 3*h - 5*o, -j = -5*h + c*o. What are the prime factors of h?
2
Let q(o) = -2*o - 61*o**2 - 2*o + 3*o. Let f be q(-1). List the prime factors of (-6)/5*f/8.
3
Suppose -4 = b - 6. What are the prime factors of ((-16)/(-3))/(b/3)?
2
Suppose 114 = 4*g - 5*q, 3*g - 2*q = -5*q + 72. List the prime factors of g.
2, 13
Suppose -3*r = 0, -10 = 2*g + 5*r - 28. What are the prime factors of g?
3
Let u(n) = 5*n**2 + 5*n + 1. Let x(c) = 5*c**2 + 5*c + 2. Let z(t) = -2*u(t) + 3*x(t). List the prime factors of z(-2).
2, 7
Let d(w) = -3*w. Let g be d(2). Let p be 3/2*8/g. What are the prime factors of p/(-1) - 5*-1?
7
What are the prime factors of ((-11)/(-4))/((-13)/(-52))?
11
Let l = 10 - -14. What are the prime factors of l?
2, 3
Let z be (-3)/((-9)/(-12)*-2). Suppose z = 4*i - 10. Suppose -5*v - 13 = n - i, -5*v = 3*n. List the prime factors of n.
5
Suppose -4*x - a = 67, 0 = 3*x + 2*a + 76 - 22. Suppose 0 = 3*f - 5*p - 56, 2*f - 35 - 3 = 3*p. Let v = f + x. List the prime factors of v.
2, 3
Let s be (4/3)/((-8)/84). Let j = -8 - s. List the prime factors of 4/j - 21/(-9).
3
Suppose -2*q + 0*q - 6 = 0, 5*q - 91 = -2*i. Suppose 55 = 4*r - i. List the prime fac